275 = 17*p - 18*p. Suppose 0 = -4*g - 4*k + 164, -5*k - 250 = -5*g - k. Let l = p - g. List the prime factors of l.
229
List the prime factors of -1*((-10)/(-80))/(4/32) - -6123.
2, 3061
Suppose p + 300 = 5*p. Suppose 73*r = p*r - 390. List the prime factors of r.
3, 5, 13
Let u = -324 + 924. What are the prime factors of u?
2, 3, 5
Let x = 212 - 206. Suppose c - 2*l + 3675 = x*c, 735 = c - 3*l. What are the prime factors of c?
3, 5, 7
Let m be 1/(120/(-7936)) - (-16)/120. Suppose -2*n - 2*s + s + 206 = 0, -5*n + 501 = -s. Let q = n + m. What are the prime factors of q?
5, 7
Let k be (1/(-3))/(16/144). Let s(w) = -4*w**3 + w**2 + w - 2. List the prime factors of s(k).
2, 7
List the prime factors of 4/(-78) - (-1244584)/312.
3989
Suppose -2*j - 2*j - 6010 = -5*u, 0 = 4*u - j - 4797. Let b be 6/(-18)*0 + u. List the prime factors of b/4 - 5/((-20)/6).
7, 43
Suppose 4*q - 5*y - 1 - 31 = 0, -y = -3*q + 13. Suppose -q*a = 2*a. Suppose a = 9*r - 21 - 42. List the prime factors of r.
7
Let y(d) = 33*d + 8. Let q(x) = -194*x - 48. Let c(p) = -6*q(p) - 34*y(p). List the prime factors of c(7).
2, 5, 31
Let y = 16 - 7. Let i(q) = 106*q**2 - y + 4 - 101*q**2. List the prime factors of i(3).
2, 5
Let z(u) = -u**3 - 20*u**2 + 23*u + 47. Let h be z(-21). Suppose 2*n + 996 = h*d, 5*n + 990 = 5*d - 0*d. Let a = d + -130. List the prime factors of a.
2, 5, 7
Suppose -2*f + 94 = 4*h - 50, 2*h = -3*f + 200. Suppose f*n = 66*n - 442. List the prime factors of n.
13, 17
Let i(k) = -k**3 - 11*k**2 - 18*k + 20. Let o be i(-8). What are the prime factors of -62*((-12)/o + 390/(-28))?
3, 31
Let g = -532 - -528. List the prime factors of -3*56*-2 - (g - -2).
2, 13
Let s(d) = 40*d + 16. Let v be s(2). Let t = v + -352. Let m = 436 + t. List the prime factors of m.
2, 3, 5
Let h = -3139 - -14002. List the prime factors of h.
3, 17, 71
Let l = 1348 - 742. Suppose -130*x = -132*x + l. What are the prime factors of x?
3, 101
List the prime factors of (-14)/12*(-14 + 8) - (-12 - 7731).
2, 5, 31
Let y(s) = -s**3 + 3*s**2 - 2*s + 8. Let z be y(9). Let u = -319 - z. Suppose 1486 = 11*i + u. What are the prime factors of i?
7, 17
Let i = 21 - 27. Let a(z) = 5*z**2 + 10*z + 9. Let h be a(i). Suppose 45 = 3*y - h. List the prime factors of y.
2, 29
Suppose 4*u - 23 = -39. List the prime factors of (2024/(-3))/(u/6).
2, 11, 23
Let m = 423 + -215. Let t = m - 73. What are the prime factors of t?
3, 5
Let u(z) = 112*z + 35. Let j be u(5). Suppose -5*y + 2*y = -4*d + 791, -4*y - j = -3*d. What are the prime factors of d?
197
Suppose -4*v - 7 = -k + 86, 5*k - 4*v - 465 = 0. Suppose 13*z - 23 = -2*n + 16*z, -4*z + 9 = 3*n. List the prime factors of k/(-2)*(3 - n).
2, 3, 31
Suppose -189*d + 1787448 = -163*d. List the prime factors of d.
2, 3, 17, 337
Suppose -3*s = -3, 124*b - 4636 = 121*b + 2*s. List the prime factors of b.
2, 773
Let p(w) = 107*w + 11. Let k(l) = 321*l + 32. Let y(g) = 6*k(g) - 17*p(g). List the prime factors of y(9).
2, 11
Let w = 30961 + -16014. List the prime factors of w.
14947
Suppose 194442 - 1756121 = -95*g + 685451. What are the prime factors of g?
2, 11827
Suppose 0 = b + 3*i - 25, 2*i = 3*b + 4*i - 40. Suppose -b*a - a = -55. Suppose 0*k - s = k - 253, -2*s + 1277 = a*k. What are the prime factors of k?
257
Let o(r) = -5*r + 7. Let x be o(0). Suppose 0 = -20*k + x*k + 182. List the prime factors of k.
2, 7
Suppose -5*v = -5*m + 208405, -3*v - 20346 = -m + 21351. What are the prime factors of m?
3, 29, 479
Suppose 3*m + 2*j + 6 + 5 = 0, -5*m - 1 = -j. List the prime factors of 274/(1 - m) - (3 - -1).
7, 19
Suppose -18 = -l - 3*j, -30 = -3*l + 3*j + 12. Suppose 4*k - 6464 = 3*u, 11*u - l*u - 1629 = -k. List the prime factors of k.
1613
Let u(o) = 2*o**2 - 23*o - 12. Let m be u(12). Let y(q) = 1 - 5*q - 3 + q**3 + 4*q**2 + 6 + m. List the prime factors of y(-5).
2
Let r be ((-12)/(-7))/(6/63*3). Let c be 10/(((-1)/64)/((-3)/r)). Suppose 12*v - c = 7*v. What are the prime factors of v?
2
List the prime factors of 11338 - 0 - 21/((-21)/2).
2, 3, 5, 7
Suppose 6*z + 8 = 32. Suppose -z*u = -2*u + 2*v - 288, 0 = -2*v + 4. List the prime factors of u.
2, 71
Let n(l) = 6*l**3 - l**2 + 5*l - 3. Let f(g) = g**3 - 7*g**2 - 6*g - 14. Let d be f(8). What are the prime factors of n(d)?
3, 17
Let g = 780 - 1092. Let m = g - -625. What are the prime factors of m?
313
Suppose 6*b = 3*b + 843. Suppose -5*x + 4*y - b + 1807 = 0, -y - 305 = -x. List the prime factors of x.
2, 3, 17
Suppose -4*y + 7 = 2*j - 13, 2*y - 2*j = 22. Suppose 0 = 6*z - y*z + 2. Suppose -p + 102 = 4*l, -92 = 3*p - 4*p - z*l. List the prime factors of p.
2, 41
Suppose -46*w = -9*w + 15*w - 742040. List the prime factors of w.
2, 5, 1427
Let p be (-6)/(-16) - 225480/192. Let s = 625 - p. List the prime factors of s.
7, 257
Suppose 108*a + 19*a + 30*a = 706186. List the prime factors of a.
2, 13, 173
Let i(o) = -9*o + 41. Let v be i(4). Let d(q) = 46*q + 214. What are the prime factors of d(v)?
2, 3, 37
Let t = 68 + -114. What are the prime factors of (t/(-8) + -6)*-788 + -2?
3, 5, 13
Let d = -93249 - -139334. What are the prime factors of d?
5, 13, 709
Let t(m) = -2*m**3 - 18*m**2 - 103*m - 338. List the prime factors of t(-24).
2, 17, 571
Let j = 3607 + 1304. List the prime factors of j.
3, 1637
Let h(w) = -425*w + 75. Let z be h(-5). Suppose -19*b + z = -9561. What are the prime factors of b?
619
Let c be (-9)/((-54)/(-30)) + (1707 - 2). Suppose -2*i + c = 5*o, 5*i = -3*o - o + 1343. What are the prime factors of o?
2, 3, 19
Suppose 4*r - 249 - 483 = 2*q, 0 = r + 5*q - 194. Suppose 5*o + 22 = -g - 0*g, 2*g - 1 = -o. Suppose g*k = 7*k - r. List the prime factors of k.
2, 23
Let h(o) be the third derivative of -o**6/120 - 2*o**5/15 + 5*o**4/12 - o**3 - 2*o**2. Suppose -453 = 71*s + 257. What are the prime factors of h(s)?
2, 47
Let m be (0 - (-12)/8)*(-16)/(-6). Suppose 2*s + 3*v = 103, 4*s - m*v = 181 + 15. Suppose 4*a - s - 110 = 0. What are the prime factors of a?
2, 5
Let l(k) = 8*k**3 - k**2 + k - 1. Let j be l(1). Let s(o) = 20*o**2 + 129*o + 10. Let r be s(5). Suppose 0 = j*z - 12*z + r. What are the prime factors of z?
3, 7, 11
Let r(o) = 2*o**3 - 3*o**2 - 5*o. Let v be r(3). Suppose 0 = -v*a - 7*a + 7410. List the prime factors of a.
2, 3, 5, 13
Let m be 2 + (-2336)/(-5) - (-6)/(-30). Let t = 822 - m. List the prime factors of t.
353
Let l(b) = 1381*b - 31. Suppose -5*s - 755 = -760. What are the prime factors of l(s)?
2, 3, 5
Suppose 4*d - 162 = 2*y, 2*d - 5*y = d + 36. Suppose 0 = f - 3*f + 506. Suppose -f + d = -2*k. List the prime factors of k.
2, 53
Let n(d) = 108*d - 346. Let y(x) = -36*x + 116. Let p(v) = -3*n(v) - 8*y(v). List the prime factors of p(-6).
2, 163
Let j = -19214 - -29637. What are the prime factors of j?
7, 1489
Let u(b) = -b**3 - 18*b**2 + 24. Let v be u(-18). Suppose 5*a - 11 = -211. Let f = v - a. What are the prime factors of f?
2
Let n(v) = 2*v**3 - 154*v**2 - 894*v - 149. List the prime factors of n(83).
8317
Let b = -4683 + 7248. Suppose 0 = 16*z - b - 1499. List the prime factors of z.
2, 127
Let f = 55 - 51. Let k be (-10)/(5/((-10)/f)). Let q = 14 - k. What are the prime factors of q?
3
Suppose 74*g - 4*g = -0*g + 217210. List the prime factors of g.
29, 107
Let u(w) = -6*w + 15. Let d be ((-4)/(-3))/(28/63) - -1. Let x be u(d). What are the prime factors of 0 + 2 + x + 162 + 1?
2, 3, 13
Suppose -13*b + 15*b = 6. Let q(t) = -t**3 + 2*t**2 + 5*t - 4. Let h be q(b). Suppose 4*n - 224 = -5*d, 0 = -5*n + h*d - 0*d + 247. List the prime factors of n.
3, 17
Suppose 2*h + 5*s = 23, -h + 2*s + 2*s = 8. Suppose 1818 = -h*t + 10*t. What are the prime factors of t?
3, 101
Let r(g) = -g**3 - 27*g**2 - 27*g - 18. Let n be r(-26). Suppose 5*a + 2*i = n*a - 1942, 0 = 5*a - i - 3246. What are the prime factors of a?
2, 5, 13
Suppose -2*q + 3*x - 6011 = 0, 15060 = -4*q - q + x. Let u = 5288 + q. Suppose -g - 12*g + u = 0. List the prime factors of g.
5, 7
Suppose -846*v = -817*v - 413946. List the prime factors of v.
2, 3, 13, 61
Let r be (-77552)/46 + 76/(-874). What are the prime factors of (-136)/51*r/4?
2, 281
Let w = 530 + 2474. What are the prime factors of w?
2, 751
Let h(w) = w**2 - 7*w - 6. Let d be h(7). List the prime factors of ((-194)/d)/((-18)/27)*-10.
5, 97
Let j(y) =